t is the hundreds digit of 27618?
6
What is the thousands digit of 25475?
5
What is the tens digit of 5478?
7
What is the tens digit of 21232?
3
What is the tens digit of 7394?
9
What is the units digit of 557?
7
What is the hundreds digit of 834?
8
What is the units digit of 4919?
9
What is the hundreds digit of 69516?
5
What is the thousands digit of 10633?
0
What is the tens digit of 2733?
3
What is the thousands digit of 10546?
0
What is the hundred thousands digit of 160859?
1
What is the hundreds digit of 12071?
0
What is the tens digit of 690?
9
What is the units digit of 310?
0
What is the units digit of 443?
3
What is the tens digit of 92?
9
What is the hundreds digit of 581?
5
What is the ten thousands digit of 18644?
1
What is the hundreds digit of 1197?
1
What is the tens digit of 27774?
7
What is the thousands digit of 63921?
3
What is the tens digit of 161?
6
What is the units digit of 9189?
9
What is the ten thousands digit of 11953?
1
What is the tens digit of 17634?
3
What is the hundreds digit of 1197?
1
What is the hundreds digit of 1230?
2
What is the ten thousands digit of 18858?
1
What is the ten thousands digit of 80422?
8
What is the units digit of 6372?
2
What is the units digit of 19956?
6
What is the hundreds digit of 569?
5
What is the tens digit of 1046?
4
What is the hundreds digit of 13543?
5
What is the tens digit of 3377?
7
What is the tens digit of 945?
4
What is the hundreds digit of 67049?
0
What is the units digit of 531?
1
What is the tens digit of 728?
2
What is the hundreds digit of 495?
4
What is the thousands digit of 45208?
5
What is the tens digit of 1849?
4
What is the units digit of 133690?
0
What is the hundreds digit of 76609?
6
What is the tens digit of 871?
7
What is the tens digit of 1496?
9
What is the hundreds digit of 3686?
6
What is the thousands digit of 25334?
5
What is the thousands digit of 1778?
1
What is the hundreds digit of 8649?
6
What is the units digit of 31813?
3
What is the hundreds digit of 154219?
2
What is the hundreds digit of 11524?
5
What is the ten thousands digit of 82591?
8
What is the hundreds digit of 2610?
6
What is the tens digit of 829?
2
What is the units digit of 1240?
0
What is the tens digit of 31417?
1
What is the units digit of 23414?
4
What is the tens digit of 44587?
8
What is the hundreds digit of 477?
4
What is the hundreds digit of 489?
4
What is the thousands digit of 28998?
8
What is the thousands digit of 6610?
6
What is the units digit of 1?
1
What is the thousands digit of 4261?
4
What is the tens digit of 1365?
6
What is the hundreds digit of 80252?
2
What is the units digit of 2239?
9
What is the units digit of 1425?
5
What is the tens digit of 4336?
3
What is the hundreds digit of 2121?
1
What is the hundreds digit of 4416?
4
What is the hundreds digit of 6410?
4
What is the tens digit of 1025?
2
What is the tens digit of 8585?
8
What is the hundreds digit of 2180?
1
What is the hundreds digit of 19244?
2
What is the thousands digit of 19709?
9
What is the thousands digit of 18342?
8
What is the thousands digit of 10759?
0
What is the units digit of 8194?
4
What is the thousands digit of 42221?
2
What is the hundreds digit of 1621?
6
What is the thousands digit of 11132?
1
What is the hundreds digit of 6065?
0
What is the thousands digit of 34366?
4
What is the units digit of 2255?
5
What is the units digit of 31?
1
What is the units digit of 65?
5
What is the tens digit of 13606?
0
What is the units digit of 5319?
9
What is the hundreds digit of 3175?
1
What is the tens digit of 637?
3
What is the units digit of 5254?
4
What is the thousands digit of 3272?
3
What is the hundreds digit of 806?
8
What is the units digit of 934?
4
What is the units digit of 1164?
4
What is the thousands digit of 10568?
0
What is the tens digit of 6908?
0
What is the hundreds digit of 3352?
3
What is the thousands digit of 3978?
3
What is the tens digit of 21248?
4
What is the units digit of 1630?
0
What is the units digit of 35?
5
What is the tens digit of 1398?
9
What is the thousands digit of 26889?
6
What is the tens digit of 239?
3
What is the units digit of 17869?
9
What is the hundreds digit of 36389?
3
What is the hundreds digit of 7754?
7
What is the tens digit of 25136?
3
What is the hundreds digit of 1705?
7
What is the hundred thousands digit of 157115?
1
What is the tens digit of 48857?
5
What is the units digit of 107638?
8
What is the units digit of 12168?
8
What is the units digit of 3540?
0
What is the units digit of 14733?
3
What is the hundreds digit of 2698?
6
What is the thousands digit of 67409?
7
What is the thousands digit of 12248?
2
What is the thousands digit of 37060?
7
What is the tens digit of 78492?
9
What is the tens digit of 1685?
8
What is the ten thousands digit of 44023?
4
What is the thousands digit of 4217?
4
What is the tens digit of 7545?
4
What is the hundreds digit of 186?
1
What is the ten thousands digit of 37510?
3
What is the units digit of 539?
9
What is the hundreds digit of 2094?
0
What is the thousands digit of 37472?
7
What is the ten thousands digit of 48501?
4
What is the units digit of 135?
5
What is the ten thousands digit of 98530?
9
What is the units digit of 1009?
9
What is the hundreds digit of 5173?
1
What is the hundreds digit of 50301?
3
What is the hundreds digit of 10945?
9
What is the hundreds digit of 247?
2
What is the hundreds digit of 2653?
6
What is the tens digit of 2462?
6
What is the tens digit of 46700?
0
What is the tens digit of 10309?
0
What is the units digit of 1316?
6
What is the hundreds digit of 6987?
9
What is the units digit of 11028?
8
What is the hundreds digit of 52748?
7
What is the units digit of 1728?
8
What is the thousands digit of 5667?
5
What is the tens digit of 3391?
9
What is the tens digit of 951?
5
What is the hundreds digit of 108023?
0
What is the hundreds digit of 546?
5
What is the thousands digit of 5406?
5
What is the tens digit of 940?
4
What is the tens digit of 56?
5
What is the thousands digit of 11220?
1
What is the hundreds digit of 610?
6
What is the hundreds digit of 4756?
7
What is the tens digit of 5385?
8
What is the units digit of 1870?
0
What is the units digit of 10560?
0
What is the thousands digit of 1383?
1
What is the units digit of 89001?
1
What is the hundreds digit of 2810?
8
What is the thousands digit of 13969?
3
What is the units digit of 4513?
3
What is the units digit of 1343?
3
What is the thousands digit of 42331?
2
What is the hundreds digit of 19325?
3
What is the hundreds digit of 14920?
9
What is the hundreds digit of 66779?
7
What is the hundreds digit of 1854?
8
What is the ten thousands digit of 16512?
1
What is the units digit of 4971?
1
What is the units digit of 7306?
6
What is the ten thousands digit of 15283?
1
What is the units digit of 10487?
7
What is the thousands digit of 47154?
7
What is the hundreds digit of 66057?
0
What is the thousands digit of 94193?
4
What is the tens digit of 542?
4
What is the ten thousands digit of 15533?
1
What is the hundreds digit of 57363?
3
What is the hundreds digit of 109241?
2
What is the units digit of 90282?
2
What is the tens digit of 18969?
6
What is the tens digit of 280?
8
What is the tens digit of 38806?
0
What is the tens digit of 38603?
0
What is the hundreds digit of 2892?
8
What is the thousands digit of 1517?
1
What is the tens digit of 19583?
8
What is the hundreds digit of 167?
1
What is the hundreds digit of 25785?
7
What is the hundreds digit of 61932?
9
What is the tens digit of 3139?
3
What is the tens digit of 9266?
6
What is the thousands digit of 55874?
5
What is the units digit of 1201?
1
What is the ten thousands digit of 12082?
1
What is the units digit of 289?
9
What is the units digit of 42517?
7
What is the units digit of 1595?
5
What is the hundreds digit of 3648?
6
What is the tens digit of 4390?
9
What is the tens digit of 30322?
2
What is the hundreds digit of 22359?
3
What is the tens digit of 13726?
2
What is the tens digit of 2554?
5
What is the units digit of 2276?
6
What is the units digit of 524?
4
What is the thousands digit of 1512?
1
What is the hundreds digit of 342?
3
What is the units digit of 5589?
9
What is the hundreds digit of 3064